me?
False
Is 12970313 composite?
True
Is 16087333 a composite number?
False
Is 32934053 a composite number?
True
Is 437 a prime number?
False
Is 47443895 composite?
True
Is 6025913 a prime number?
False
Is 2592055 a prime number?
False
Is 42679823 prime?
True
Is 77520587 prime?
False
Is 52838067 a prime number?
False
Is 11643977 a prime number?
False
Is 22350673 a prime number?
True
Is 677477 a composite number?
True
Is 229417079 a composite number?
True
Is 4493359 composite?
True
Is 2096957 a composite number?
False
Is 446601887 prime?
True
Is 204374603 a composite number?
False
Is 109319387 prime?
True
Is 1191551 a prime number?
True
Is 2308469 a composite number?
False
Is 1272743 a prime number?
False
Is 3984161 a composite number?
False
Is 103296719 a prime number?
True
Is 2579923 composite?
False
Is 31812199 a prime number?
False
Is 826399 prime?
False
Is 6795391 composite?
False
Is 4618483 composite?
False
Is 10107943 prime?
False
Is 2862287143 a composite number?
False
Is 511584551 composite?
True
Is 21820751 prime?
True
Is 29274767 a composite number?
False
Is 221084089 a prime number?
True
Is 13333205 a prime number?
False
Is 10675163 prime?
False
Is 1042409 prime?
False
Is 1787881 composite?
True
Is 1466497 composite?
True
Is 297659 a prime number?
True
Is 53199843 composite?
True
Is 221959319 prime?
True
Is 2154727 composite?
False
Is 79590331 composite?
False
Is 4623517 prime?
False
Is 877267 a prime number?
True
Is 162319049 a composite number?
False
Is 2766653 a prime number?
False
Is 33197131 a prime number?
False
Is 11481677 a composite number?
True
Is 15500233 prime?
False
Is 1906559 prime?
True
Is 16993423 a prime number?
False
Is 3433769 prime?
True
Is 57739799 a composite number?
True
Is 1170335 a prime number?
False
Is 27815609 a composite number?
True
Is 117550471 prime?
False
Is 76117931 a prime number?
True
Is 12652957 a composite number?
False
Is 6276679 prime?
False
Is 3493471 a prime number?
True
Is 592788541 a prime number?
False
Is 77045401 prime?
True
Is 34156879 prime?
True
Is 267601559 prime?
True
Is 46317685 prime?
False
Is 59996561 composite?
False
Is 224571 composite?
True
Is 57529291 composite?
True
Is 1202465197 a prime number?
True
Is 33541 prime?
False
Is 9489289 a prime number?
True
Is 214873463 a composite number?
True
Is 147150505 prime?
False
Is 5601355 prime?
False
Is 36540562 a composite number?
True
Is 19763651 composite?
False
Is 8015239 a composite number?
True
Is 85288711 prime?
False
Is 19473554 a composite number?
True
Is 439591589 a composite number?
False
Is 31327883 a prime number?
True
Is 14844857 a prime number?
True
Is 7178011 a prime number?
True
Is 571283 a composite number?
True
Is 51223951 composite?
False
Is 970201 a composite number?
False
Is 10818433 a composite number?
False
Is 79618871 a prime number?
False
Is 738193961 a composite number?
False
Is 136238161 a prime number?
True
Is 320603 a composite number?
True
Is 28850191 prime?
False
Is 7867747 a composite number?
False
Is 40651601 prime?
False
Is 12788419 a composite number?
True
Is 296383429 a prime number?
False
Is 5597797 composite?
False
Is 1580737 prime?
True
Is 764461 prime?
False
Is 37568523 prime?
False
Is 26578043 composite?
True
Is 15464023 composite?
False
Is 382410409 composite?
True
Is 11851891 composite?
False
Is 458477 prime?
True
Is 691248167 a composite number?
True
Is 1042543 composite?
True
Is 642203 prime?
False
Is 506809 a composite number?
False
Is 317413537 a composite number?
True
Is 5768795 a prime number?
False
Is 231624067 a composite number?
False
Is 41097299 a composite number?
False
Is 2397793 composite?
False
Is 2601631 a composite number?
True
Is 120826743 composite?
True
Is 238053437 composite?
False
Is 1032055807 composite?
False
Is 25217327 prime?
False
Is 23915761 a prime number?
True
Is 15937963 prime?
True
Is 6836293 composite?
False
Is 20486611 a composite number?
False
Is 177533 prime?
True
Is 5972999 a composite number?
False
Is 3285811 a prime number?
False
Is 3854197 composite?
False
Is 528668443 a prime number?
True
Is 3738671 a composite number?
True
Is 17499995 composite?
True
Is 79183141 a composite number?
False
Is 76947317 a composite number?
False
Is 8377829 a composite number?
False
Is 893765 a composite number?
True
Is 24818074 composite?
True
Is 47150501 composite?
False
Is 1240531 composite?
True
Is 5269993 a prime number?
True
Is 46479949 prime?
False
Is 30560069 a composite number?
False
Is 108681593 a prime number?
True
Is 18920953 composite?
True
Is 338338363 a composite number?
True
Is 36021 prime?
False
Is 1698349 a prime number?
True
Is 890231 composite?
False
Is 379465997 a composite number?
True
Is 7068949 a prime number?
False
Is 704833 a composite number?
False
Is 219672701 a prime number?
False
Is 3599993 composite?
True
Is 459109421 a prime number?
False
Is 3958211 prime?
True
Is 13087339 prime?
True
Is 924251 a composite number?
True
Is 198454211 a prime number?
True
Is 17645311 a composite number?
True
Is 85853123 prime?
False
Is 21217367 prime?
True
Is 9613479 prime?
False
Is 193478291 a prime number?
False
Is 2520797 prime?
True
Is 2936603 prime?
True
Is 7543709 a composite number?
False
Is 87718033 a composite number?
True
Is 29094323 a prime number?
True
Is 272027 prime?
False
Is 21241879 a composite number?
True
Is 3319843 prime?
False
Is 32219149 composite?
False
Is 110226253 a composite number?
False
Is 188900783 prime?
True
Is 14223569 composite?
False
Is 30680281 a composite number?
False
Is 89549 prime?
False
Is 773401 a prime number?
False
Is 26647217 a prime number?
True
Is 1068274 a prime number?
False
Is 1676167 a composite number?
False
Is 72742727 composite?
False
Is 380981665 a prime number?
False
Is 40728409 prime?
True
Is 656221 prime?
True
Is 22608203 prime?
True
Is 6717307 prime?
True
Is 307793879 a composite number?
True
Is 90485519 composite?
True
Is 25848457 a composite number?
False
Is 411883 composite?
False
Is 126211253 prime?
False
Is 9575851 a composite number?
False
Is 23336177 a prime number?
True
Is 164667703 prime?
False
Is 2976971 a composite number?
False
Is 169740947 a prime number?
False
Is 17752837 composite?
False
Is 42221951 a prime number?
False
Is 214603 a prime number?
True
Is 165671297 composite?
True
Is 310319601 prime?
False
Is 21091037 prime?
False
Is 1015123 composite?
False
Is 10416437 prime?
False
Is 4158923 composite?
True
Is 4855471 composite?
False
Is 1078241 composite?
False
Is 19443113 a composite number?
False
Is 91096727 composite?
True
Is 32890015 a composite number?
True
Is 280287869 a prime number?
True
Is 43174949 a prime number?
True
Is 16230271 a composite number?
True
Is 2155499 composite?
False
Is 34856441 composite?
False
Is 1787783 a composite number?
False
Is 3247267 a composite number?
False
Is 14089759 a prime number?
True
Is 3159973 a composite number?
False
Is 169171 composite?
True
Is 4409257 prime?
True
Is 5992171 a prime number?
False
Is 7633871 composite?
True
Is 140673913 a composite number?
False
Is 2599477 a prime number?
False
Is 78330851 a prime number?
True
Is 26329591 composite?
False
Is 143763617 composite?
False
Is 183904687 a composite number?
True
Is 4492643 prime?
True
Is 3570049 a prime number?
False
Is 186807185 a composite number?
True
Is 3953479 a composite number?
False
Is 1572137 composite?
True
Is 511585 a composite number?
True
Is 70628141 prime?
False
Is 40181263 prime?
False
Is 46713221 a composite number?
True
Is 44063911 a composite number?
False
Is 10056217 a composite number?
False
Is 262535509 composite?
True
Is 126226 prime?
False
Is 10157827 composite?
False
Is 1308337 prime?
False
Is 67520329 composite?
False
Is 69401153 a composite number?
False
Is 10009023 a composite number?
True
Is 21056267 composite?
True
Is 50710277 a prime number?
True
Is 17935501 a prime number?
True
Is 20329 composite?
True
Is 7070969 a prime number?
False
Is 60258941 composite?
False
Is 91381309 a prime number?
True
Is 5678749 a composite number?
True
Is 17485323 prime?
False
Is 50840927 a composite number?
False
Is 427577503 a prime number?
False
Is 11545727 prime?
True
Is 8960465 a composite number?
True
Is 13019971 prime?
True
Is 3676663 prime?
False
Is 38098415 compo